{"id":23,"date":"2016-08-12T15:39:37","date_gmt":"2016-08-12T13:39:37","guid":{"rendered":"http:\/\/janna-folz.de\/wordpress\/?page_id=23"},"modified":"2021-08-22T11:15:07","modified_gmt":"2021-08-22T09:15:07","slug":"ueber-mich","status":"publish","type":"page","link":"https:\/\/janna-folz.de\/index.php\/ueber-mich\/","title":{"rendered":"\u00dcber mich"},"content":{"rendered":"<p><a href=\"http:\/\/creativecommons.org\/licenses\/by-nc-nd\/4.0\/\" target=\"_blank\" rel=\"http:\/\/creativecommons.org\/licenses\/by-nc-nd\/4.0\/ noopener noreferrer\"><img loading=\"lazy\" decoding=\"async\" class=\"alignleft wp-image-36 size-medium\" src=\"https:\/\/janna-folz.de\/wordpress\/wp-content\/uploads\/2016\/08\/Anhang-1-200x300.jpg\" width=\"200\" height=\"300\" srcset=\"https:\/\/janna-folz.de\/wordpress\/wp-content\/uploads\/2016\/08\/Anhang-1-200x300.jpg 200w, https:\/\/janna-folz.de\/wordpress\/wp-content\/uploads\/2016\/08\/Anhang-1.jpg 681w\" sizes=\"(max-width: 200px) 100vw, 200px\" \/><\/a><em>Geboren in Kasachstan f\u00fchrte mein Weg \u00fcber St.-Petersburg nach Deutschland.\u00a0<\/em><em style=\"line-height: 1.5em;\">Von klein an entwickelte ich meine\u00a0k\u00fcnstlerischen F\u00e4higkeiten aus eigenem Antrieb, entdeckte fr\u00fch die faszinierende Technik des Aquarells f\u00fcr mich und verlor die Aquarellmalerei auch w\u00e4hrend meines \u00a0Studiums der Innenarchitektur und meiner Berufst\u00e4tigkeit nie aus den Augen.<\/em><\/p>\n<p><em>Zur Zeit arbeite ich als Innenarchitektin und entwickle\/bearbeite Projekte f\u00fcr private und \u00f6ffentliche Auftraggeber. Mein Schwerpunkt liegt auf der Gestaltung von Wohnr\u00e4umen, schulischen Einrichtungen und B\u00fcro- und Verwaltungsbereichen.<\/p>\n<p>Ich bin Mitglied im Berufsverband Bildender K\u00fcnstler*Innen Unterfranken: <a href=\"https:\/\/www.bbk-unterfranken.de\/kuenstlerverzeichnis\/liebender_folz_janna\/liebender_folz_janna.html\" target=\"_blank\" rel=\"noopener\">Klick<\/a><br \/>\n<\/em><\/p>\n<p><em>In der Freizeit gebe ich Kurse f\u00fcr Anf\u00e4nger und Fortgeschrittene.<br \/>\n<\/em><em>(Siehe <a href=\"https:\/\/janna-folz.de\/index.php\/workshops\/\">News &amp; Termine<\/a>)<\/em><\/p>\n","protected":false},"excerpt":{"rendered":"<p>Geboren in Kasachstan f\u00fchrte mein Weg \u00fcber St.-Petersburg nach Deutschland.\u00a0Von klein an entwickelte ich meine\u00a0k\u00fcnstlerischen F\u00e4higkeiten aus eigenem Antrieb, entdeckte fr\u00fch die faszinierende Technik des Aquarells f\u00fcr mich und verlor die Aquarellmalerei auch w\u00e4hrend meines \u00a0Studiums der Innenarchitektur und meiner Berufst\u00e4tigkeit nie aus den Augen. Zur Zeit arbeite ich als Innenarchitektin und entwickle\/bearbeite Projekte f\u00fcr&hellip;<\/p>\n","protected":false},"author":1,"featured_media":0,"parent":0,"menu_order":0,"comment_status":"closed","ping_status":"closed","template":"","meta":{"content-type":"","footnotes":""},"_links":{"self":[{"href":"https:\/\/janna-folz.de\/index.php\/wp-json\/wp\/v2\/pages\/23"}],"collection":[{"href":"https:\/\/janna-folz.de\/index.php\/wp-json\/wp\/v2\/pages"}],"about":[{"href":"https:\/\/janna-folz.de\/index.php\/wp-json\/wp\/v2\/types\/page"}],"author":[{"embeddable":true,"href":"https:\/\/janna-folz.de\/index.php\/wp-json\/wp\/v2\/users\/1"}],"replies":[{"embeddable":true,"href":"https:\/\/janna-folz.de\/index.php\/wp-json\/wp\/v2\/comments?post=23"}],"version-history":[{"count":13,"href":"https:\/\/janna-folz.de\/index.php\/wp-json\/wp\/v2\/pages\/23\/revisions"}],"predecessor-version":[{"id":13852,"href":"https:\/\/janna-folz.de\/index.php\/wp-json\/wp\/v2\/pages\/23\/revisions\/13852"}],"wp:attachment":[{"href":"https:\/\/janna-folz.de\/index.php\/wp-json\/wp\/v2\/media?parent=23"}],"curies":[{"name":"wp","href":"https:\/\/api.w.org\/{rel}","templated":true}]}}