{"id":25144,"date":"2024-04-27T17:34:09","date_gmt":"2024-04-27T15:34:09","guid":{"rendered":"https:\/\/janna-folz.de\/?page_id=25144"},"modified":"2024-04-28T17:35:11","modified_gmt":"2024-04-28T15:35:11","slug":"summertime-in-hassfurt","status":"publish","type":"page","link":"https:\/\/janna-folz.de\/index.php\/summertime-in-hassfurt\/","title":{"rendered":"SUMMERTIME IN HASSFURT"},"content":{"rendered":"\n<p>Treffen, Malen, Spa\u00df haben! Ich lade Euch wieder nach Ha\u00dffurt ein!<br>Drei Malstationen werden vorbereitet. Wir starten im Atelier &#8222;Kunststube&#8220; in der Zwerchmaingasse 8.<br>Weitere Malstationen befinden sich im Innenhov vom Landratsamtgeb\u00e4ude Alte Br\u00fcckenstra\u00dfe 3 und am Mainufer neben VHS-Ha\u00dffurt.<\/p>\n\n\n\n<p>Die Firma &#8222;mypaperworld&#8220; stellt allen Teilnehmern die Malutensilien zur Verf\u00fcgung und bereitet auch weitere besondere Angebote und \u00dcberraschungen.<\/p>\n\n\n\n<p>Am Abend auf dem Marktplatz wartet auf uns ein musikalisches Programm im Rahmen des Festivals &#8222;abend.lichter&#8220;.<\/p>\n\n\n<div class=\"wp-block-image\">\n<figure class=\"aligncenter size-large\"><img loading=\"lazy\" decoding=\"async\" width=\"726\" height=\"1024\" src=\"https:\/\/janna-folz.de\/wordpress\/wp-content\/uploads\/2024\/04\/Summertime_Plakate_Sozmedia-726x1024.jpg\" alt=\"\" class=\"wp-image-25149\" srcset=\"https:\/\/janna-folz.de\/wordpress\/wp-content\/uploads\/2024\/04\/Summertime_Plakate_Sozmedia-726x1024.jpg 726w, https:\/\/janna-folz.de\/wordpress\/wp-content\/uploads\/2024\/04\/Summertime_Plakate_Sozmedia-213x300.jpg 213w, https:\/\/janna-folz.de\/wordpress\/wp-content\/uploads\/2024\/04\/Summertime_Plakate_Sozmedia-768x1083.jpg 768w, https:\/\/janna-folz.de\/wordpress\/wp-content\/uploads\/2024\/04\/Summertime_Plakate_Sozmedia.jpg 1062w\" sizes=\"(max-width: 726px) 100vw, 726px\" \/><\/figure><\/div>","protected":false},"excerpt":{"rendered":"<p>Treffen, Malen, Spa\u00df haben! Ich lade Euch wieder nach Ha\u00dffurt ein!Drei Malstationen werden vorbereitet. Wir starten im Atelier &#8222;Kunststube&#8220; in der Zwerchmaingasse 8.Weitere Malstationen befinden sich im Innenhov vom Landratsamtgeb\u00e4ude Alte Br\u00fcckenstra\u00dfe 3 und am Mainufer neben VHS-Ha\u00dffurt. Die Firma &#8222;mypaperworld&#8220; stellt allen Teilnehmern die Malutensilien zur Verf\u00fcgung und bereitet auch weitere besondere Angebote und&hellip;<\/p>\n","protected":false},"author":1,"featured_media":0,"parent":0,"menu_order":0,"comment_status":"closed","ping_status":"closed","template":"","meta":{"content-type":"","footnotes":""},"_links":{"self":[{"href":"https:\/\/janna-folz.de\/index.php\/wp-json\/wp\/v2\/pages\/25144"}],"collection":[{"href":"https:\/\/janna-folz.de\/index.php\/wp-json\/wp\/v2\/pages"}],"about":[{"href":"https:\/\/janna-folz.de\/index.php\/wp-json\/wp\/v2\/types\/page"}],"author":[{"embeddable":true,"href":"https:\/\/janna-folz.de\/index.php\/wp-json\/wp\/v2\/users\/1"}],"replies":[{"embeddable":true,"href":"https:\/\/janna-folz.de\/index.php\/wp-json\/wp\/v2\/comments?post=25144"}],"version-history":[{"count":4,"href":"https:\/\/janna-folz.de\/index.php\/wp-json\/wp\/v2\/pages\/25144\/revisions"}],"predecessor-version":[{"id":25153,"href":"https:\/\/janna-folz.de\/index.php\/wp-json\/wp\/v2\/pages\/25144\/revisions\/25153"}],"wp:attachment":[{"href":"https:\/\/janna-folz.de\/index.php\/wp-json\/wp\/v2\/media?parent=25144"}],"curies":[{"name":"wp","href":"https:\/\/api.w.org\/{rel}","templated":true}]}}